i - 2*k - 130, 4*i = -p*k + 158. Calculate the greatest common divisor of i and s.
14
Suppose 0 = -2*m, -m - 2*m = -2*u - 80. Let r be (672/(-40))/(6/u). What is the greatest common divisor of 14 and r?
14
Let c be 4/12*3 + 2. Suppose -3*w - c*x = -219, 6*w - 4*x - 268 = 2*w. Let v be 2/4 + (-38)/(-4). Calculate the highest common divisor of v and w.
10
Suppose 0 = 3*k - 8 - 43. Calculate the greatest common divisor of 51 and k.
17
Let u = 2 - -10. Suppose l + l = u. What is the greatest common divisor of l and 54?
6
Let x(k) = 2*k - k + k**3 - 9 - 11*k**2 + 0*k. Let h(b) = 11*b**2 + b + 1. Let m be h(-1). Let s be x(m). Calculate the highest common factor of 8 and s.
2
Let z = 9 - 4. Suppose 0 = -x - 3*y + 3, 2*y = 2*x - 2*y - 46. What is the greatest common factor of z and x?
5
Let z(g) = -g**3 - 11*g**2 - g - 1. Let f be z(-11). Calculate the greatest common divisor of 5 and f.
5
Let v be 84/15 - 4/(-10). Let j be 24/18 - 28/(-6). Calculate the highest common factor of v and j.
6
Let r = 69 - 49. Let i(d) = 2 + r*d - 2. Let m be i(2). What is the greatest common divisor of m and 8?
8
Let h(m) = 2*m**2 + 0*m**2 + 2*m - 4 + 0*m**2. Let s be h(-3). Let f = 107 - 51. What is the greatest common divisor of f and s?
8
Suppose -18 = -5*p + 27. Let q be (-33)/(-7) - 2/(-7). Suppose -6*z + q = -z. Calculate the highest common divisor of p and z.
1
Suppose -v = v - 160. Suppose -4*o = x - 43, o - 5 = 2*o - 5*x. Calculate the greatest common divisor of v and o.
10
Let b(x) = -x**2 - 10*x + 7. Let p be b(-9). Suppose 4*z + 0*z - p = 0. Calculate the greatest common factor of z and 4.
4
Let k(q) = 2*q + 6. Let d be k(-2). Let b = 29 + -15. What is the greatest common divisor of b and d?
2
Suppose -4*g - 8 = 8, 0 = 2*a + 4*g + 12. Suppose -i = a*i - 36. Suppose w + w - 192 = 0. Calculate the greatest common divisor of w and i.
12
Suppose 975 = 3*j + 3*m, -m = 4*j + 288 - 1591. Suppose 4*a = 202 + j. Calculate the greatest common divisor of a and 12.
12
Let l be 5/3 + 2/6. Calculate the highest common factor of 14 and l.
2
Let r = 1 + 2. Suppose 0*j + 2*y - 31 = -r*j, 4*y = -4. Calculate the greatest common divisor of 1 and j.
1
Let w(g) be the third derivative of -121*g**6/120 - g**5/60 + g**3/6 - 2*g**2. Let c be w(-1). Let s = 5 + 6. Calculate the highest common factor of c and s.
11
Let h be 2*(2 + 2)/(-2). Let f be 5*(1/(-1) - h). Let v = -89 - -194. Calculate the highest common factor of v and f.
15
Suppose -54 = -h - 22. Calculate the highest common factor of h and 16.
16
Let i be (3/6)/(-1) - 22/(-4). Calculate the greatest common factor of i and 55.
5
Let z(v) = -2*v - 4. Let w be z(-5). Let p(x) = x + 7. Let r be p(-3). Suppose -r*j + 32 = -112. Calculate the highest common divisor of w and j.
6
Suppose 10*q + 225 = 13*q. Calculate the greatest common divisor of 50 and q.
25
Suppose 0 = -2*z + 7 + 3. What is the greatest common divisor of 1 and z?
1
Let m be 1 + 3/(-5) + (-53)/(-5). What is the greatest common divisor of m and 44?
11
Let s(y) = -y + 3. Let a be s(-13). Let p be (-18)/6 - (113 + -1). Let b = 13 - p. Calculate the greatest common factor of b and a.
16
Suppose -4*a + 0 = -12. Suppose l - 2*l + a*w + 4 = 0, -3*l = 5*w - 82. What is the highest common factor of 57 and l?
19
Let g = -58 + 89. Let r = g - 13. Calculate the highest common divisor of r and 144.
18
Let d = 8 + -6. Suppose -3*u + 235 = -2*u - d*g, -5*g + 749 = 3*u. What is the greatest common factor of u and 27?
27
Let l be -6*-26*5/20. Suppose 0 = -v - 4*v + 65. Calculate the highest common factor of v and l.
13
Let c(m) = -4*m**3 - 4*m**2 - m - 3. Let a be c(-3). Calculate the highest common divisor of a and 24.
24
Suppose 2*b = -5*q - 44 + 124, 0 = -2*q. Suppose 0 = -3*w - 46 - 20. Let s = w + 38. What is the highest common factor of s and b?
8
Let k(y) = y**3 + 25*y**2 + 24*y + 20. Let p be k(-24). Let c = 31 + 109. What is the highest common factor of c and p?
20
Suppose 0 = -5*v - 10, -3*z = -5*v - 58 - 24. Calculate the greatest common factor of 96 and z.
24
Let w = -15 - -33. What is the highest common factor of w and 6?
6
Suppose -m = -4*m + 39. Let g(y) = -2*y**3 - 3*y**2 + y - 3. Let x be g(-3). Let k = x - m. What is the highest common divisor of 12 and k?
4
Let v = 38 + -2. What is the greatest common divisor of v and 60?
12
Let m = 0 + 1. Let c be m + -1 + 1 - -4. Let l(k) = -k**3 - 2*k**2 - k + 4. Let z be l(-4). What is the highest common factor of z and c?
5
Suppose 2*x - 203 = -3*i + 219, 2*i - 308 = 4*x. Suppose 2*h = i - 16. Suppose -2*p = 5 - 21. Calculate the highest common factor of p and h.
8
Let q(v) = 2*v**2 + v + 3. Let k be q(3). Let p = k - 15. What is the greatest common factor of p and 36?
9
Let l(d) = d**3 + 2*d**2 - d + 1. Let h be l(-2). Suppose -121 = -h*b + 110. What is the greatest common factor of 7 and b?
7
Suppose -14*l + 20 = -12*l. Calculate the greatest common factor of l and 2.
2
Let b(h) = h**2 - 6*h - 6. Let a be b(7). Let r be 6/33 + 90/(-11). Let o = a - r. Calculate the highest common factor of 99 and o.
9
Suppose -k + 41 = 3*b, -3*k + 3*b = -2*k - 29. Let g(a) = a**3 - 8*a**2 + 7. Let x be g(8). What is the highest common factor of k and x?
7
Suppose -w = c - 0*w - 5, 3*w + 15 = 0. Calculate the highest common divisor of 80 and c.
10
Let u(q) = -5*q - 2. Let h be (-2 + -1)/1*1. Let o be u(h). Let n be -3 + 5 + 50/1. What is the greatest common divisor of o and n?
13
Let l(n) = -n - 5*n - 7 + 3*n. Let p be l(-5). Let j(z) = 3*z**2 - z + 2. Let v be j(5). Calculate the greatest common factor of p and v.
8
Suppose 4*p + 103 = 4*q + 3*p, 5*p - 5 = 0. What is the highest common factor of 104 and q?
26
Suppose 2*c - 12 = 16. Suppose -210 = -3*y - 2*y. What is the greatest common divisor of y and c?
14
Let r(x) = -x + 19. Let h be r(13). Let c be (1 + -2 + h)*2. What is the greatest common divisor of c and 80?
10
Let p = -40 + 56. Calculate the highest common factor of p and 2.
2
Let w = -3 - -4. Suppose 2*k + w = 15. Let s be ((-1)/(-2))/(k/14). What is the greatest common divisor of 3 and s?
1
Suppose -6 = 2*d - 20. Calculate the greatest common divisor of d and 28.
7
Let p(x) = 7*x + 12. Let r be p(4). What is the greatest common divisor of r and 5?
5
Suppose 4*k = k + 720. Suppose 0*b + 4*b = k. Calculate the highest common factor of 40 and b.
20
Let n be 2/((6/(-20))/(3/(-4))). Calculate the highest common factor of n and 40.
5
Let m = -30 + 41. Let u = 31 + -20. Calculate the greatest common factor of m and u.
11
Suppose 2*l - 4*l = 0. Suppose -2*w - 2*n + 52 = l, -2*w = w + 4*n - 78. Let x be w/7 - 2/(-7). What is the highest common divisor of 4 and x?
4
Suppose 0*o - 3*o = 0. Let g be 1/(-4) + (-305)/(-4). Suppose o = 3*f - g - 86. Calculate the greatest common factor of f and 18.
18
Let h(u) = 3*u**2 - u - 2. Let c be 2*(45/6)/(-5). Let p = c + 5. Let o be h(p). What is the greatest common divisor of o and 1?
1
Suppose c - 5 = t, t = 5*c - 6*c + 7. Suppose -1 - 8 = -3*u. Let h be 5/((-5)/u + 2). What is the highest common divisor of c and h?
3
Let n(l) = l + 1. Let j be n(-2). Let h(d) = d**2 + d + 1. Let z be h(j). Suppose z = m - 10. What is the highest common factor of 77 and m?
11
Suppose -b = 3 - 13. Suppose -5*o - c + 11 = -0*o, 4*o - 20 = 2*c. Let d be -70*((2 - o) + 0). What is the greatest common divisor of d and b?
10
Suppose 2*f + 314 = 4*z + z, -5*f = -4*z + 258. Suppose b + 4*m = z, -5*m = -0*b - 4*b + 290. Calculate the greatest common factor of b and 14.
14
Let d = -101 + 121. What is the greatest common factor of d and 40?
20
Let q = 123 - 99. What is the greatest common divisor of 56 and q?
8
Suppose -2*x - 81 + 360 = -3*a, -563 = -4*x + 5*a. Let b = x - 32. What is the greatest common divisor of b and 46?
23
Let n be 2/9 - (-6)/(-27). Let g(r) = -r + 40. Let q be g(n). Calculate the highest common divisor of q and 5.
5
Let n(c) = 3*c**2 + 22*c + 27. Let v be n(-6). Let y be (-2)/(0 + (-4)/6). Calculate the highest common divisor of v and y.
3
Let b = -105 + 469. Let s be b/18 + 14/(-63). Calculate the highest common divisor of 20 and s.
20
Suppose 343 = 10*b - 507. What is the greatest common divisor of 51 and b?
17
Let t be (7 + -6)/(2/12). Suppose 0 = -5*w + 26 - t. Suppose 0 = w*o + 2 - 54. Calcu